et y be j(-5). Let m(b) = 2*b**3 - b**2 + 2*b - 19. Calculate the remainder when 348 is divided by m(y).
28
Let a(w) = -106*w + 1121. Calculate the remainder when 313 is divided by a(9).
146
Let f(p) be the third derivative of -p**6/120 + 37*p**5/60 - 23*p**4/8 + 5*p**3/2 - p**2 - 3. Calculate the remainder when f(35) is divided by 45.
5
Let y be (-1 + 1039)/2 - (-1 + 2). Let d = 541 - y. Let l(r) = 89*r**3 - 2*r**2 + 2*r - 1. What is the remainder when l(1) is divided by d?
19
Let w = -259 + -241. Let x be ((-6)/(-15))/((-2)/w). Let j = -65 + x. What is the remainder when 104 is divided by j?
34
Let p(y) = -y**3 - 7*y**2 + 804. Let m be p(0). Let t = m - 795. What is the remainder when 176/12*6/4 is divided by t?
4
Let c be 14635/20 - (-4)/16. Let o be c/10 - 5/25. Let w = o - 43. Calculate the remainder when w is divided by 16.
14
Let r(t) = t - 2. Let i(x) = 6*x + 100. Let w be i(-16). Calculate the remainder when 6 is divided by r(w).
0
Let c = -1 - -41. Calculate the remainder when 91/(-63) + 1 - 2307/(-27) is divided by c.
5
Let j = 20 - 7. Let o(i) = -i**3 + 13*i**2 + i - 11. Let h be o(j). Let d(v) = 12*v - 4. What is the remainder when 59 is divided by d(h)?
19
Let i(k) = -11*k + 9. Let a be i(1). Let l be -1 + a - (-38)/1. Suppose -2*s - 3*d = -l, 3*s = -0*s + 4*d + 44. What is the remainder when s is divided by 3?
1
Let r(q) = -q**3 + 6*q**2 + 24*q + 3. Let c be r(-3). Let b be 1*(-2 + 3 + 14). What is the remainder when 96 + 1 - 5/(b/c) is divided by 16?
13
Let a = 71 - 49. Let g(t) = -3*t**2 - 19 - 3*t**2 + 4*t**2 + 7*t - 23*t. Calculate the remainder when a is divided by g(-6).
2
Calculate the remainder when 2956 is divided by ((-72)/27)/((-10)/15) - -76.
76
Suppose 0 = 5*v + 20, 2*t = -2*t - v + 16. Suppose 20 = t*s - 0. Suppose 3*g - s*g + 4*n = 1, -2*g + 37 = 5*n. Calculate the remainder when 17 is divided by g.
6
Suppose 4*v = p + 4, 2*v = -1 + 7. Let l(g) = g**2 - 9*g + 4. Let b be l(p). Calculate the remainder when b/(-6) + ((-606)/(-9) - 1) is divided by 17.
16
Let x(p) be the second derivative of 38*p + 1/6*p**3 + 11/2*p**2 + 0 + 3/4*p**4. Calculate the remainder when x(4) is divided by 20.
19
Let r = 7 + 1. Let z = 18 - r. What is the remainder when z is divided by (12744/(-7434))/(64/(-14) + 4)?
1
What is the remainder when 7842/21 + (-3)/7 is divided by ((-18)/(-36))/((-1)/(-5) - 78/440)?
21
Suppose 3*v - 3*j - 525 = 0, -34*j + 35*j - 857 = -5*v. What is the remainder when 606 is divided by v?
90
Suppose -2*o - 124 = -2*t, 4*t + 5*o - 2*o = 220. Let c be 2 + 6 + (2 - 4). Suppose 66 + 12 = c*j. What is the remainder when t is divided by j?
6
Let c(g) = 812*g + 1732. Calculate the remainder when 736 is divided by c(-2).
88
Suppose 62 = 6*f + 4*g, -43 = -4*f + 3*f + 4*g. Suppose -4625 + 505 = -5*i. Calculate the remainder when i is divided by f.
14
Let i = -4133 + 4151. Calculate the remainder when 55 is divided by i.
1
Suppose -1002 = 65*m - 4837. What is the remainder when m is divided by 16?
11
Suppose 0 = 13*c - 16*c + 21. Suppose -c*w = -w + 12. Let z(t) = 6*t**2 - 3. Calculate the remainder when 83 is divided by z(w).
20
Calculate the remainder when 2367 is divided by ((-172)/(-12))/((-38)/(-1254)).
2
Calculate the remainder when 172/(-430) - (-122)/5 is divided by ((-12)/21)/((-7)/147).
0
Suppose 0 = -t + r + 7 + 35, 2*r + 126 = 3*t. Suppose -9*l - 16*l - 45575 = 0. Let o = -1819 - l. Calculate the remainder when t is divided by o.
2
Let h(m) = -m**2 + 10*m + 179. What is the remainder when 12/(-66) - ((-2631)/11 - 3) is divided by h(-8)?
32
Suppose -5*q + 325 + 50 = 0. Suppose 5*b - 107 = 113. Let w = -5 + b. What is the remainder when q is divided by w?
36
Let f = 61 + -36. Let y = -20295 + 20325. Calculate the remainder when y is divided by f.
5
Suppose -g + 66 = 2*l, 61 = g - 487*l + 488*l. Let i = -170 + 239. What is the remainder when i is divided by g?
13
Suppose 11*p = -35*p - 9*p + 22165. What is the remainder when 825 is divided by p?
19
Calculate the remainder when (-3 - (-124727)/17) + 50/425 is divided by 45.
44
Suppose 0 = -20*w + 1680 + 3880. Suppose 6*n - w = 70. Calculate the remainder when n is divided by 30.
28
Let j(b) = -b**2 + 9*b + 82. What is the remainder when 56 is divided by j(12)?
10
Suppose 5*z - 3465 = -5*i, -3*z + 2*i + 1947 = -152. Suppose 20*d - 37*d + z = 0. Calculate the remainder when d is divided by 10.
1
Let m = -1494 - -1583. What is the remainder when 192 is divided by m?
14
Let m be 2*6/(-4) - (9 - 18). What is the remainder when 26 is divided by (0 + m)*2 - (-6 + 1)?
9
Let l = -1951 - -1968. Calculate the remainder when 539 is divided by l.
12
Let z(w) = 39*w**2 - 2*w + 1. Suppose 10*i + 69 = -71. Let a(l) = -l**3 - 13*l**2 + 11*l - 24. Calculate the remainder when z(-2) is divided by a(i).
17
What is the remainder when -3*(8704/(-51) + -3) is divided by 246?
29
Let k(v) = 2*v + 49. Let c be (-12)/(-10)*(-3 - 12/1). Calculate the remainder when k(c) is divided by 9.
4
Let c = -96 - -121. Let i = c + 23. What is the remainder when 172 is divided by 3 - (4 + -2)/((-3)/i)?
32
Let k(m) = -m**3 + 30*m**2 - 29*m + 7. Let w(f) = -30*f**3 - 5*f - 6. Let h be w(-1). Calculate the remainder when 7 is divided by k(h).
0
Let j = -26194 + 26342. What is the remainder when 1330 is divided by j?
146
Let f(k) = k**3 - 22*k**2 + 3*k - 60. Let g = -498 + 521. Calculate the remainder when f(g) is divided by 36.
34
Suppose o - 3*n - 25 = -6, -3*o + 3*n + 27 = 0. What is the remainder when o is divided by (-1)/((-6)/16) + 20/15?
0
Let d be 20/(2/28*4). Suppose 0 = -2*z - 2*r + d, 1 = r + 2. Let w = 997 + -856. What is the remainder when w is divided by z?
33
Let a(g) = g**2 + g - 104. Let f be a(0). Let n(w) = 181*w + 32. Let i be n(-1). Let h = f - i. What is the remainder when h is divided by 24?
21
Suppose -b + 2 = 0, -5*x + 3*b + 1105 = 291. Calculate the remainder when x is divided by 23.
3
Let s(y) = -y**3 - 11*y**2 - 19*y + 11. Let p be s(-9). Let q = 10 + p. Calculate the remainder when q is divided by 19.
11
Let l(b) = b**3 + 4*b**2 + b - 4. Suppose -34*g + 517 + 8255 = 0. Let k = 267 - g. Calculate the remainder when k is divided by l(-3).
1
Suppose -3*b - 2*b + 20 = 0. Calculate the remainder when (-156)/(-11) - 8/44 is divided by 5/1*(b + -3).
4
Suppose -2901 = -37*h + 1069 - 85. What is the remainder when 5038 is divided by h?
103
Suppose 13*l - 648 = -5*l. Suppose 5*t + 9 + 11 = 0. Calculate the remainder when l is divided by -2 + 13 + t/2.
0
Suppose 68*v - 21*v - 2614 = -828. Let k be 2 + -3 + -3 + -1. Calculate the remainder when (-6)/(-15) - 558/k is divided by v.
36
Let n(s) = s**3 + 23*s**2 + s + 8. Let q be n(-23). Let m(v) = v**3 + 12*v**2 - 46*v + 2. Calculate the remainder when 666/5 - (-5)/(-25) is divided by m(q).
14
Let t be (0/1*-1)/(-3). Suppose t = o - 4*f - 102, -3*o + 5*f - 4*f = -295. Suppose -72 = o*c - 102*c. Calculate the remainder when 52 is divided by c.
16
Suppose -1411*p + 1406*p - 1595 = -5*v, 1011 = 3*v + 3*p. Calculate the remainder when v is divided by 160.
8
Suppose -3*r + 26 - 80 = 0. Suppose 3*b + u - 6*u - 31 = 0, -4*b = -u - 13. What is the remainder when 32/18*3*r/(-12) is divided by b?
0
Let z(j) = -7 + 4870*j**2 + 2*j - 12*j + 55 - 4869*j**2. Calculate the remainder when z(11) is divided by 20.
19
Let q = 10 - 5. Let t(p) be the first derivative of -p**3/3 + 4*p**2 + 10*p - 4. What is the remainder when t(q) is divided by 9?
7
Let j be ((-17)/(-34))/(1/(-74)). Let z = j + 71. Suppose -86 + 220 = i. Calculate the remainder when i is divided by z.
32
Suppose 3*p - 2*y = 2405 + 512, -4*p + 3878 = 3*y. Calculate the remainder when p is divided by 28.
19
Let o = -18709 - -18843. What is the remainder when o is divided by 113?
21
Let o(i) = -5*i. Let x(u) = -7*u - 1. Let s(m) = -4*o(m) + 3*x(m). What is the remainder when 58 is divided by s(-23)?
18
Let q = 5047 + -4912. Calculate the remainder when 255 is divided by q.
120
Suppose -2*i - 5*g = -343, 4*i = i - 3*g + 501. Let q(x) = 116*x - 3119. What is the remainder when i is divided by q(27)?
8
Suppose 0 = -q - 3*q - 2*w - 694, 2*w = -2*q - 342. Let a = -18 - q. Let i = -386 + 409. What is the remainder when a is divided by i?
20
Suppose -4*m + 5*n = -77, 5*m + 5*n = 59 - 19. Calculate the rem